- 0) + -17)?
19
(3 + 12 - 4) + -7
4
Evaluate 0 + 4 + 226 + -242.
-12
What is the value of -36 - (4 + -23) - -15?
-2
Evaluate -13 + -1 - (0 + (6 - 0)).
-20
Calculate -24 + 37 + -9 - -32.
36
Evaluate 19 - (9 + -2 - -1) - (2 + 3).
6
What is the value of 11 + 0 + (175 - 199)?
-13
What is 2 + (28 - 15) + -16?
-1
What is (-9 - -16 - 13) + (-1 - 13 - -3)?
-17
(34 - (9 - (19 - (4 - -4)))) + -4
32
(0 + -4 + 1 - (53 - 54)) + 0
-2
Calculate 4 - (4 - -13) - (-2 - -5).
-16
Evaluate -10 + 27 + (-13 - -9).
13
What is -113 + 78 - (3 + -13)?
-25
What is the value of (-1 + -4 - -6) + (-10 - (-14 + 11))?
-6
7 - (-8 - 1 - -9) - (-1 - 0)
8
(-81 - -90) + (-7 - -1 - -2)
5
Evaluate 45 + (5 - -3) + -13 + -17.
23
-23 + 7 + -2 + 11 + 11
4
Calculate -6 + (-9 + 10 + 0 - 0).
-5
-1 + (-3 - 3 - (3 + -8) - 3)
-5
Calculate (8 - -3) + -10 + (3 - (0 + -3)).
7
What is the value of 2 + (21 - (14 - -12))?
-3
What is 1 + (16 - (-8 - -15) - 8 - -7)?
9
What is the value of (-5 + 11 + -5 - -2) + 2 + 1?
6
Evaluate (0 - -7) + (110 - 94).
23
(-6 - -49) + -57 + 20
6
Calculate 6 - ((-1 - -2) + 7 + -1 + -10).
9
What is the value of 4 + 3 + 1 + (4 - 12 - -2)?
2
9 - (12 - -10 - 10)
-3
Calculate (10 - 26 - -10) + -1.
-7
Evaluate (-8 - -3) + (-4 - (3 + 0 - 7)).
-5
What is the value of -2 + 12 + (18 + -11 - (4 - -42))?
-29
What is the value of 6 - (-11 + -5 + (25 - 6))?
3
(-11 - ((-96 - -102) + (-9 - -1))) + 34
25
Evaluate -20 - -46 - 5 - 9.
12
Calculate 66 + -17 + (32 - 58).
23
Evaluate -8 + (5 - 6) + (-11 - -13).
-7
(14 + (-1 - 5) - 10) + -12
-14
-108 + 120 - (-1 - -1)
12
What is the value of (-38 - 25 - -30) + 59?
26
What is the value of (1 - -2) + 11 + -10 - 1?
3
What is 27 + 1 + 341 + -341?
28
What is the value of -5 + 21 + (22 - 52)?
-14
Evaluate 274 + -266 - (-1 - -19 - -1).
-11
What is -14 + (5 - (7 - 10)) + 2?
-4
Evaluate 1 + (15 - 4) - 22 - -5.
-5
What is the value of 2 - 12 - (-17 + 9 - -6) - -4?
-4
What is the value of -8 - (-8 - (-13 + 13))?
0
Calculate 7 - ((-260 - -253) + (1 + 1 - 9)).
21
Calculate -38 + (-29 - -57) + 20.
10
What is 14 - 25 - (-10 + -4)?
3
Evaluate -4 - (-1 + -6 - -22).
-19
Evaluate (-2 - 1) + -7 - 11.
-21
Calculate -13 + (-4 - -1) + 12.
-4
Evaluate -16 + (4 + 2 + -10 - -9).
-11
Calculate 11 - ((74 - 24) + -14).
-25
Calculate 15 - -1 - (-8 + 18).
6
What is the value of -1 + -9 + -4 + (-2 - -11)?
-5
Calculate (-15 - 50) + 20 - -8 - -2.
-35
What is -1 + -2 + (11 + (1 - 6) - -4)?
7
What is (-107 + 119 - (11 + 1)) + -13?
-13
5 - 0 - (2 + -26 - -20)
9
Evaluate 13 + (-7 - (-15 - -10)).
11
What is the value of -10 - (-9 + (-13 - -27))?
-15
What is 62 - 65 - (11 - 2)?
-12
Calculate -31 - ((1 - 1) + -1 + (3 - -7)).
-40
Calculate (11 - 23 - -7) + (2 - 13).
-16
What is 4 - (5 + -4) - (6 - 1)?
-2
Calculate -13 + 7 - -32 - (13 + -8).
21
Evaluate -28 + 5 + -5 + 2.
-26
-3 - (-6 - (-6 - -9)) - (-1 - 5)
12
What is (-16 - (-1 - (-10 - -19))) + (-5 - -32)?
21
Calculate -26 + (-4 - -5) + 5.
-20
Evaluate 16 - (10 - (9 - -2)) - 10.
7
Calculate 21 + (11 - (-20 + 38)).
14
What is the value of 23 - (-13 + 16 + -2) - 4?
18
Evaluate (-10 - (-15 - -13)) + 13.
5
What is the value of 2 - (-5 + 2) - (-190 - -179)?
16
Calculate 2 + -3 - (11 + -2 + -17) - -16.
23
-5 - (-28 + 22) - (-2 - -1)
2
What is 5 + (3 - (-5 - -5)) + (18 - 13)?
13
Calculate (1 - (1 - -10)) + 12.
2
Calculate -4 + -8 - -5 - (-13 - 5).
11
-7 - ((23 - 14) + -3 - 1)
-12
(-22 - -4) + 1 - (-196 - -186)
-7
-28 + -34 + (-18 - -62)
-18
Calculate 11 - (-22 - -21) - 7.
5
Evaluate (9 - -6) + 0 + -10 - 2.
3
What is 6 + -8 - ((-14 - -6) + 1)?
5
What is the value of 11 + -2 + -1 + 0 + (-6 - -2)?
4
0 + 3 + (17 - (-10 - -16 - 1))
15
Evaluate 10 - -3 - (17 + (2 - 17)).
11
What is -23 + 8 + 8 - (-13 + 1)?
5
What is the value of 0 - (-4 - (-2 + (16 - 2) - -2))?
18
What is 6 + -13 + 15 + -5 + -5?
-2
21 + (-11 - -2 - 1) - -5
16
What is (-2 - -12) + -8 + -5 + -2?
-5
What is (8 - (-1 - (1 - 6)) - 7) + 8?
5
Evaluate -4 - (-3 + (32 - 26) + (1 - 5)).
-3
What is the value of 12 + -4 - (35 + -12 - 12)?
-3
Calculate 36 + -20 + (-7 - -1).
10
Calculate -18 + 1 + (14 - (-13 - -9)) + -8.
-7
Calculate (2 - 6) + -1 + 4 + 1 + -3.
-3
Calculate 60 + -57 - (10 + -9).
2
Evaluate (9 - (5 - -9)) + (-4 - -1).
-8
What is (-9 + 2 - -17) + (15 - 6 - 4)?
15
What is 11 - (-33 + 25 - (-1 - -3) - -10)?
11
Evaluate -7 + (-9 + (9 - 8) + 4 - -40).
29
Calculate (-28 + 12 - -9 - -5) + -2 + 17.
13
Calculate 140 + -151 + 1 + 13 - 0.
3
Calculate 2 + 30 + (-75 - -35) + 31.
23
Calculate (3279 - 3272) + 0 + 1.
8
(16 + -5 - 21) + 22
12
Calculate 0 - (-5 - (-5 - 7)) - (0 + 0).
-7
Evaluate (10 - 12) + 12 - -9.
19
What is the value of -2 - 0 - (0 + (9 - -4) + 2)?
-17
18 + (-10 - (2 + -8))
14
What is the value of 23 + -21 + 6 - (12 - 2)?
-2
-13 + 3 + ((-8 - -1) + 4 - 3)
-16
Calculate -17 - ((35 - 26) + -3).
-23
Calculate 0 + (-4 - 4 - (-26 + 8)).
10
What is 7 - (8 - -6) - 2 - (-5 - -5)?
-9
Calculate 24 - 4 - (78 + -29).
-29
What is -8 + 0 + (-8 - -3 - -3)?
-10
Evaluate 4 + (4 - (2 + (-7 - -8))).
5
What is the value of 7 + 11 + 15 + -4?
29
Evaluate 13 + (15 - (-6 - -25)).
9
What is the value of -1 + (2 - ((-4 - 2) + 23))?
-16
Evaluate -3 + (3 - ((25 - 13) + -9 + 0)).
-3
Calculate -6 - (-10 + 0) - (-5 - (-15 - -8)).
2
Calculate -1 - 21 - (6 - (18 - (-2 + 8))).
-16
What is -23 + 25 + (-14 - -1)?
-11
What is -26 + 65 + -79 - -33?
-7
What is the value of -18 + -15 + 7 + 22?
-4
What is the value of -12 - (26 + -28 + 5)?
-15
What is 5 - 0 - (12 - 17) - 22?
-12
What is -17 - (-35 + 3 + 18 + -38)?
35
What is the value of 4 - (1 + (-18 - 0) - 12)?
33
Calculate (9 - 19) + 14 + (1 - (9 - 0)).
-4
What is -10 + -1 + (41 - 32 - (-3 - -13))?
-12
Calculate -9 + -9 + -2 + 15 - 3.
-8
Evaluate 6 - ((36 - 8) + 5).
-27
What is the value of 26 + (1 - (10 + -3 - -4))?
16
(-12 - -5) + 18 + 6 + (10 - 9)
18
Calculate -9 + (43 - 27 - -8).
15
Evaluate (-17 - -2) + (405 - 389).
1
What is 2 - (-2 - -6) - (-8 - -8 - 16)?
14
What is the value of -11 + 23 - -4 - -4?
20
Evaluate (191 - 183) + -2 + -5 + 3.
4
Calculate 3 - 3 - (4 + -10).
6
8 - ((3 - -30) + -11) - 15
-29
Evaluate (24 - 24) + (2 - (0 + 0)).
2
Calculate -27 + 80 + -42 - (2 + 39).
-30
0 + 8 - (15 + 7 + -10 - 14)
10
Evaluate 7 - (16 + -2 + -10) - -7.
10
Calculate 14 + 2 + 42 + -23.
35
Evaluate (-25 - -75) + -29 + -1 + -7.
13
What is (-38 - (-1 - -4)) + (24 - 18) - -8?
-27
What is the value of 15 - 18 - ((1 - -4) + (19 - 50))?
23
Calculate -7 - (3 - (-5 - 0 - -2) - 0).
-13
Calculate 7 - (-6 + 1 + -6 - -7).
11
Evaluate -3 + -2 + 1 + 123 + -119.
0
Evaluate -1 + -42 + (-301 - -336).
-8
-23 + (-3 - (6 + (-5 - (0 - -4))))
-23
What is -6 - ((1 - 15) + 10) - -4?
2
What is 1 - -13 - (-35 - -47) - -6?
8
What is (-4 - -21) + -8 - (-2 + -8)?
19
Evaluate (-6 + 8 + -9 - -8) + -4 + -3.
-6
(-1 - 14) + 47 + (-84 - -51)
-1
What is -19 + (-3 - -42) - 20?
0
What is the value of 6 - (13 + -6 + 20 - -4 - -8)?
-33
What is (15 - 5) + (-22 - (-14 - -7))?
-5
Evaluate 8 - (1 + -20 - (-2 - (-11 + 19))).
17
Calculate -13 + (13 - (5 + -8)).
3
22 + (3 - (16 - 3) - (-17 + 6))
23
What is 6 + (-49 - -24) + 7?
-12
-5 + -1 - (27 + -17 + -7)
-9
2 - (5 + ((7 - 2) + -17 - 0))
9
16 - ((-9 - -2) + -3 - -14)
12
Calculate -1 + (-18 - -20 - (-2 + -1)) - 11.
-7
What is (-13 - (-4 + 10 + -14)) + 4 - 2?
-3
Evaluate (28 - 9) + (3 + -4 + 4 - 10).
12
What is the value of -10 - (-14 - (-3 - (8 - 0)))?
-7
-10 + -5 + 27 - -6
18
3 - -25 - ((-10 - -6) + 10 - 0)
22
What is the value of -1 + 5 - ((-4 - -4) + (2 - 10))?
12
What is -14 + 12 + 7 - 0?
5
What is 6 + -9 + 13 + (-2 - (-2 - -5))?
5
What is -1 + -4 + 15 + (-18 - -10) - 2?
0
Evaluate 36 - (-4 + (16 - -3 - (24 + -16))).
29
What is -13 - 1 - (3 - (5 - -4) - -4)?
-12
What is 4 + (-3 - (-4 - -2)) + 95 + -79?
19
Calculate -11 + (10 - 8 - -8) + (-3 - -2).
-2
What is the value of (15 - (-29 - -32 - (3 + -8))) + -7?
0
What is the value of 2 - -25 - (306 - 295)?
16
Calculate (-10 - (49 - 28)) + 53.
22
Evaluate -28 + (17 - (-3 + 0)).
-8
What is the value of 3 + -1 + -26 - (3 - -4 - 14)?
-17
Evaluate 13 + (2 - 44) - 6.
-35
((-2 - (0 - 3)) + 2 - 12) + -11
-20
What is the value of 18 - ((-2 + 1 - 3) + 135 + -127)?
14
What is the value of -14 + 16 + -8 + 12 + 6 + 1?
13
What is the value of 62 + -19 - (10 + (-1 - -5))?
29
What is -1 + -13 - (14 + -13 + 9 - 1)?
-23
What is the